{"id":256,"date":"2024-06-05T10:25:28","date_gmt":"2024-06-05T09:25:28","guid":{"rendered":"https:\/\/sevgiatamis.com\/?page_id=256"},"modified":"2024-06-05T10:25:28","modified_gmt":"2024-06-05T09:25:28","slug":"koleksiyonlar","status":"publish","type":"page","link":"https:\/\/sevgiatamis.com\/?page_id=256","title":{"rendered":"Koleksiyonlar"},"content":{"rendered":"\n<div class=\"wp-block-columns is-layout-flex wp-container-core-columns-layout-1 wp-block-columns-is-layout-flex\">\n<div class=\"wp-block-column is-layout-flow wp-block-column-is-layout-flow\" style=\"flex-basis:40%\">\n<p><strong>\u00c7e\u015fmeler<\/strong><\/p>\n\n\n\n<p>\u0130stanbulun Tarihi \u00c7e\u015fmeleri<\/p>\n\n\n\n<p>T\u00fcm resimler 2024 \u0130ski Kuzguncuk K\u00fclt\u00fcr Evinde Sergilenmi\u015ftir.<\/p>\n<\/div>\n\n\n\n<div class=\"wp-block-column is-layout-flow wp-block-column-is-layout-flow\" style=\"flex-basis:60%\"><\/div>\n<\/div>\n","protected":false},"excerpt":{"rendered":"<p>\u00c7e\u015fmeler \u0130stanbulun Tarihi \u00c7e\u015fmeleri T\u00fcm resimler 2024 \u0130ski Kuzguncuk K\u00fclt\u00fcr Evinde Sergilenmi\u015ftir.<\/p>\n","protected":false},"author":1,"featured_media":0,"parent":0,"menu_order":0,"comment_status":"closed","ping_status":"closed","template":"","meta":{"footnotes":""},"_links":{"self":[{"href":"https:\/\/sevgiatamis.com\/index.php?rest_route=\/wp\/v2\/pages\/256"}],"collection":[{"href":"https:\/\/sevgiatamis.com\/index.php?rest_route=\/wp\/v2\/pages"}],"about":[{"href":"https:\/\/sevgiatamis.com\/index.php?rest_route=\/wp\/v2\/types\/page"}],"author":[{"embeddable":true,"href":"https:\/\/sevgiatamis.com\/index.php?rest_route=\/wp\/v2\/users\/1"}],"replies":[{"embeddable":true,"href":"https:\/\/sevgiatamis.com\/index.php?rest_route=%2Fwp%2Fv2%2Fcomments&post=256"}],"version-history":[{"count":1,"href":"https:\/\/sevgiatamis.com\/index.php?rest_route=\/wp\/v2\/pages\/256\/revisions"}],"predecessor-version":[{"id":257,"href":"https:\/\/sevgiatamis.com\/index.php?rest_route=\/wp\/v2\/pages\/256\/revisions\/257"}],"wp:attachment":[{"href":"https:\/\/sevgiatamis.com\/index.php?rest_route=%2Fwp%2Fv2%2Fmedia&parent=256"}],"curies":[{"name":"wp","href":"https:\/\/api.w.org\/{rel}","templated":true}]}}